 7
Suppose 0*h + 2*o + 8 = -4*h, 0 = 3*h - 3*o + 6. List the prime factors of 5 + h + 27/9.
2, 3
Let u(g) = -2*g - 6. Let z = 6 - 10. Let h be u(z). Suppose -3*l = -3*d - 42, -l - h*d = 3*d + 16. What are the prime factors of l?
3
Let l be (-14 - -2)/(-3) - 19. Let c = l + 21. List the prime factors of c.
2, 3
Let w(x) = 3*x - 5. What are the prime factors of w(10)?
5
Suppose d + 4*s = 16, 0*s + 2*s = -2*d + 2. Let l be 0 - (5 - (-2 - d)). Let m(n) = 2*n**2 + 3*n - 3. List the prime factors of m(l).
2, 3
Let t(m) be the first derivative of -2*m + 1/3*m**3 + 2 + 1/2*m**2. What are the prime factors of t(3)?
2, 5
Suppose -41 = -2*l + 93. List the prime factors of l.
67
Suppose 32 - 85 = -y - 2*l, 0 = 2*y + 3*l - 101. What are the prime factors of y?
43
Let m = -23 + 13. Let n = m - -17. List the prime factors of n.
7
Suppose -5*t = -t. Suppose t = -b + 2 + 16. What are the prime factors of b?
2, 3
Let q(p) = p**3 + 10*p - 5 + 4 + 20*p**2 - 30*p**2. List the prime factors of q(9).
2
Suppose 0 = -5*x - 9 + 34. Suppose 7 = 5*f - 5*a - 18, -30 = -x*f + 4*a. List the prime factors of (-12)/(-8)*f/3.
5
Suppose -5*b + b = 0. Suppose 2*n + 10 = b, -i - 4 = -5*n - 38. What are the prime factors of i?
3
Suppose -3*x = -40 + 28. What are the prime factors of x?
2
Suppose 0 = -4*t + 8 + 4. Suppose 4*g - 25 = j, 5*j - 34 = -4*g + 9. Suppose g - 1 = t*u. What are the prime factors of u?
2
Let p = -10 + 16. Let l(u) = u**2 - 4*u - 8. Let r be l(p). Suppose -v + 44 = -2*q + 6*q, 3*q - 46 = -r*v. List the prime factors of q.
2, 5
List the prime factors of (11/33)/(2/636).
2, 53
Suppose -22 = -p - 7. What are the prime factors of 3*-1*(-50)/p?
2, 5
Let r = -83 - -86. What are the prime factors of r?
3
Let t(x) = x**3 - 5*x + 2*x + 7*x**2 + 2*x - 4. Let f be (-1 - 3/(-3)) + -7. List the prime factors of t(f).
3
Let n(g) = g**3 + 21*g**2 - 28*g + 20. List the prime factors of n(-22).
2, 19
Suppose 2*o = 5*x - 3, 3*x - 5 = -3*o + x. What are the prime factors of -2*o/((-3)/6)?
2
Suppose 3*o - 22 = 266. What are the prime factors of o?
2, 3
Let y = -45 + 93. What are the prime factors of y?
2, 3
Let t(k) = -k + 10. Let l be t(9). What are the prime factors of (l - -14) + 6/3?
17
Let x(i) = 3*i + 6*i**2 - 5 - 1 + 4*i**3 + 5 - 5*i**3. Let u be x(6). Suppose -y - 11 = -5*v - 34, y - 3*v = u. What are the prime factors of y?
2
Let r be (-3)/5 + (-304)/(-40). Let h(a) = a**3 - 5*a**2 - 9*a - 4. List the prime factors of h(r).
31
Let a be (40/(-30))/((-2)/3). List the prime factors of (a/(-4))/(10/(-120)).
2, 3
Let m(r) = r**3 + 2*r**2 - r + 1. Let k be m(-3). Let d(a) = -a**3 - 3*a**2 - a + 1. List the prime factors of d(k).
2, 7
Let l(v) = v**3 + 10*v**2 + 10*v - 6. List the prime factors of l(-8).
2, 3, 7
Let j(g) = -2*g + 20. List the prime factors of j(-16).
2, 13
Suppose -16 = -5*g - 1. Suppose i + 25 = 5*p + 6*i, -5*p + 33 = -g*i. What are the prime factors of p?
2, 3
Suppose 6*k - 26 = k + 4*y, -3*y = 2*k + 8. Let o be (k/4)/((-2)/(-12)). Suppose 6*s + 2*w = 5*s + 11, -s - o = -5*w. List the prime factors of s.
7
Let a be -2*3/((-18)/15). Suppose 0 = -0*t + a*t - 145. What are the prime factors of t?
29
Suppose -3*n = 3 - 216. List the prime factors of n.
71
Suppose 0*g + 12 = g. What are the prime factors of g?
2, 3
Let n(r) = -r**2 + 3*r + 1. Let o be n(4). Let c = -7 - o. List the prime factors of (-3 + 4)/((-2)/c).
2
Suppose -12 = -3*n - 72. Let v = -12 - n. Let r = -2 + v. What are the prime factors of r?
2, 3
Suppose 0 = -p - 0*y - 3*y - 13, y = -3*p + 1. Suppose -p = -j + 3. Suppose 0 = -0*w + j*w - 45. What are the prime factors of w?
3
Suppose -12*u = -16*u + 144. What are the prime factors of u?
2, 3
Let b(p) = -p**2 + 10*p - 8. Let l be b(9). Let a be (1 - (4 - 1))*l. What are the prime factors of (8 + 3)/((-2)/a)?
11
Let t = -11 + 5. Let g be (-30)/25*40/t. Suppose 3*h + 2 = g. What are the prime factors of h?
2
Let y = -1 + 5. What are the prime factors of (18/y)/(6/8)?
2, 3
Let q = -31 - -45. What are the prime factors of q?
2, 7
Suppose 5*t - 25 = 0, -5*k + 48 = -t - 112. Let y = -15 + k. What are the prime factors of y?
2, 3
Let o(d) = -4*d**3 + 4*d**2 + 5*d + 5. Let u be o(-3). Let a = -4 + 9. Suppose -a*g = 39 - u. What are the prime factors of g?
19
Suppose 3*a - 336 = 4*g, -3*g + 100 = 2*a + 352. Let q be g/(-30) - 2/(-10). Suppose -q = 5*z - 18. What are the prime factors of z?
3
What are the prime factors of 1308/30 - 4/(-10)?
2, 11
Let m = -24 - -102. What are the prime factors of m?
2, 3, 13
Suppose i + 17 = v, 3*i = -4*v - 0*i + 47. Suppose 5*p = -3*w + v, -5*w - 4 = -3*w. List the prime factors of p/6 - 8/(-6).
2
Suppose 0 = -4*s + 7 + 5. Suppose o - 5 + 55 = 3*u, s*u = 5*o + 34. List the prime factors of u.
2, 3
Let g(p) = -11*p - 4. Let u = 6 - 10. List the prime factors of g(u).
2, 5
List the prime factors of (0 - -60) + 0/((-10)/2).
2, 3, 5
Let o(t) = -4 + 3*t - t**2 + 5 + 3. Let s be o(3). Suppose 0 = -2*q - s*m + 22, 1 = m + 3. What are the prime factors of q?
3, 5
Let d = -40 - -56. Let p(l) = -9*l + 1. Let g be p(-1). Let i = d - g. List the prime factors of i.
2, 3
Let h(b) be the first derivative of -3*b**2/2 + 3. Let d be h(3). Let n = -5 - d. List the prime factors of n.
2
Let b(u) = u**3 - 3*u**2 - 9*u + 12. List the prime factors of b(5).
17
Suppose -4*n + a = -n - 3, -5*n = -3*a - 1. List the prime factors of 5 + n + (-2 - -3).
2
Let b(o) = o**3 - o**2 + 2. Let w = 0 + -2. Let m be b(w). List the prime factors of 1 + 0 - 0 - m.
11
Let r(v) = v + 8. Let x be r(-6). Suppose 0 = 4*m - 6 - x. What are the prime factors of (-153)/(-21) + m/(-7)?
7
Let w(u) = u + 6. Let f be w(-4). Suppose -b - p = f*b + 39, 3*b + 33 = -3*p. Let i = 1 - b. List the prime factors of i.
3, 5
Let h be ((-10)/4)/((-3)/30). Suppose -h = -5*b + 2*z, -4*z + 11 = -2*b + 5. What are the prime factors of b?
7
Suppose g - 2560 = -15*g. List the prime factors of g.
2, 5
Suppose k + 2 - 7 = 0. Let i = -2 + 7. Suppose -2*x + k*x - 23 = -2*g, x = i*g - 32. What are the prime factors of g?
7
Suppose -7 = -z - 0*z. Let c = 21 - z. Suppose 2*o - c = -2*s + 6*o, -5*o = -s + 10. List the prime factors of s.
5
Let b = -1 + 5. Suppose 75 = 3*r + 2*r. Suppose r = y + b*y. What are the prime factors of y?
3
Suppose -22 = 5*y - 2. Let n = y + -2. List the prime factors of -6 - n - (-14)/1.
2, 7
Suppose 4*k + 5*l - 167 = 0, -215 = 4*k - 9*k - 5*l. List the prime factors of k.
2, 3
Let f = 23 + -36. Let r be 5/(-15) - (-89)/(-3). Let z = f - r. What are the prime factors of z?
17
Suppose 9*l - 4*l - 2*t - 16 = 0, 0 = l - t - 5. Suppose 0 = 4*k + 3*q - 34, -k + 5*q = l + 1. List the prime factors of k.
7
Suppose 791 = 9*k - 28. List the prime factors of k.
7, 13
Suppose -5921 = -21*k - 440. List the prime factors of k.
3, 29
Suppose -14 = -2*z + 2*m, 18 = -z + 3*z - 3*m. Suppose -z*l + 116 = l. What are the prime factors of l?
29
Let v be 3/(-9)*(1 - -2). Let q(a) = -13*a + 1. Let s be q(v). Suppose s + 1 = 5*j. List the prime factors of j.
3
Let z(b) = b**2 + b + 1. Let r(i) = -5*i**2 - 2*i - 3. Let x(k) = r(k) + 6*z(k). Let d be x(-3). Suppose f - 1 - 3 = d. List the prime factors of f.
2
What are the prime factors of 164 + (-20)/(-6)*108/(-90)?
2, 5
Let q = -7 - -19. Let r = q + -24. Let t = r + 22. What are the prime factors of t?
2, 5
Suppose -5*r - 2*i = 17, -4*i = -3*r - 6*i - 11. List the prime factors of (-2)/r + 88/3.
2, 3, 5
Suppose -u + 2*u - 69 = 0. What are the prime factors of u?
3, 23
Let b = 0 - -5. Suppose -b*t + t + 16 = 0. Suppose t*r = -4*h + 60, -h - 41 = -4*h + r. What are the prime factors of h?
2, 7
Suppose 316 = 5*s + 51. List the prime factors of s.
53
Let l = -11 + 5. Let m be (29/2)/(1/l). List the prime factors of m/(-9) - 2/(-6).
2, 5
What are the prime factors of -6*(-2 - 15/2)?
3, 19
Suppose q + l + 4*l - 87 = 0, -q - 3*l + 87 = 0. What are the prime factors of q?
3, 29
Let n(s) = 2*s - 4. Let l be n(-5). Let r = l - -20. Let a = r - -5. List the prime factors of a.
11
Let v(g) = 5*g**3 + g**2 + g - 1. Let b be ((-1)/2)/(6/24). Let u be (-1 - b)*2 + -1. What are the prime factors of v(u)?
2, 3
Suppose 30*l + 420 = 32*l. What are the prime factors of l?
2, 3, 5, 7
What are the prime factors of 240/8 - (1 + 0)?
29
Suppose 40 = -4*x + 156. 